{"id":172,"date":"2024-02-06T16:07:24","date_gmt":"2024-02-06T15:07:24","guid":{"rendered":"https:\/\/www.alsofashiondesignstudio.com\/?page_id=172"},"modified":"2026-01-12T12:15:14","modified_gmt":"2026-01-12T11:15:14","slug":"sebastien-hubert-styliste-de-mode-directeur-artistique-senior","status":"publish","type":"page","link":"https:\/\/www.alsofashiondesignstudio.com\/fr\/une-equipe-de-talents-confirmes\/sebastien-hubert-styliste-de-mode-directeur-artistique-senior\/","title":{"rendered":"S\u00e9bastien HUBERT, Styliste de mode, Directeur artistique et cr\u00e9atif s\u00e9nior"},"content":{"rendered":"","protected":true},"excerpt":{"rendered":"","protected":true},"author":1,"featured_media":1979,"parent":169,"menu_order":3,"comment_status":"closed","ping_status":"closed","template":"","meta":{"footnotes":""},"class_list":["post-172","page","type-page","status-publish","post-password-required","hentry"],"jetpack_sharing_enabled":true,"amp_enabled":true,"_links":{"self":[{"href":"https:\/\/www.alsofashiondesignstudio.com\/fr\/wp-json\/wp\/v2\/pages\/172","targetHints":{"allow":["GET"]}}],"collection":[{"href":"https:\/\/www.alsofashiondesignstudio.com\/fr\/wp-json\/wp\/v2\/pages"}],"about":[{"href":"https:\/\/www.alsofashiondesignstudio.com\/fr\/wp-json\/wp\/v2\/types\/page"}],"author":[{"embeddable":true,"href":"https:\/\/www.alsofashiondesignstudio.com\/fr\/wp-json\/wp\/v2\/users\/1"}],"replies":[{"embeddable":true,"href":"https:\/\/www.alsofashiondesignstudio.com\/fr\/wp-json\/wp\/v2\/comments?post=172"}],"version-history":[{"count":68,"href":"https:\/\/www.alsofashiondesignstudio.com\/fr\/wp-json\/wp\/v2\/pages\/172\/revisions"}],"predecessor-version":[{"id":2029,"href":"https:\/\/www.alsofashiondesignstudio.com\/fr\/wp-json\/wp\/v2\/pages\/172\/revisions\/2029"}],"up":[{"embeddable":true,"href":"https:\/\/www.alsofashiondesignstudio.com\/fr\/wp-json\/wp\/v2\/pages\/169"}],"wp:featuredmedia":[{"embeddable":true,"href":"https:\/\/www.alsofashiondesignstudio.com\/fr\/wp-json\/wp\/v2\/media\/1979"}],"wp:attachment":[{"href":"https:\/\/www.alsofashiondesignstudio.com\/fr\/wp-json\/wp\/v2\/media?parent=172"}],"curies":[{"name":"wp","href":"https:\/\/api.w.org\/{rel}","templated":true}]}}

Sébastien HUBERT, Styliste de mode, Directeur artistique et créatif sénior
